{"id":5489,"date":"2024-10-15T16:11:16","date_gmt":"2024-10-15T14:11:16","guid":{"rendered":"https:\/\/jeanmarcbourdon.fr\/?page_id=5489"},"modified":"2024-10-15T17:28:10","modified_gmt":"2024-10-15T15:28:10","slug":"informations-legales-musikadom","status":"publish","type":"page","link":"https:\/\/jeanmarcbourdon.fr\/index.php\/informations-legales-musikadom\/","title":{"rendered":"Informations l\u00e9gales (MUSIKOM)"},"content":{"rendered":"<div class=\"wpb-content-wrapper\"><p>[vc_row row_type=\u00a0\u00bbparallax\u00a0\u00bb content_width=\u00a0\u00bbgrid\u00a0\u00bb content_aligment=\u00a0\u00bbcenter\u00a0\u00bb full_screen_section_height=\u00a0\u00bbyes\u00a0\u00bb vertically_align_content_in_middle=\u00a0\u00bbyes\u00a0\u00bb parallax_background_image=\u00a0\u00bb5380&Prime;][vc_column]\n<div class=\"edgtf-custom-font-holder\" style=\"font-family: Poppins;font-size: 100px;line-height: 135px;font-weight: 600;letter-spacing: 0px;text-transform: uppercase;text-align: center;color: #ffffff\" data-font-size= 100 data-line-height= 135>\n\tInformations l\u00e9gales\t<\/div>\n<div class=\"edgtf-custom-font-holder\" style=\"font-family: Poppins;font-size: 50px;line-height: 70px;font-weight: 500;letter-spacing: 0px;text-transform: uppercase;text-align: center;color: #ffffff\" data-font-size= 50 data-line-height= 70>\n\tsur les avantages fiscaux disponibles\t<\/div>\n<div class=\"edgtf-custom-font-holder\" style=\"font-family: Poppins;font-size: 50px;line-height: 70px;font-weight: 500;letter-spacing: 0px;text-transform: uppercase;text-align: center;color: #ffffff\" data-font-size= 50 data-line-height= 70>\n\tdans le cadre des prestations de services \u00e0 la personne\t<\/div>[\/vc_column][\/vc_row][vc_row][vc_column]<div class=\"edgtf-elements-holder edgtf-two-columns edgtf-responsive-mode-1024\" style=\"background-color:#ffffff;\"><div class=\"edgtf-elements-holder-item \" data-item-class=\"edgtf-elements-holder-custom-274604\" data-1280-1440=\"13% 14% 14% 12.5%\" data-1024-1280=\"13% 9% 19% 7.5%\" data-768-1024=\"13% 9% 6% 8%\" data-600-768=\"12.8% 13% 0% 11.5%\" data-480-600=\"12.8% 13% 0% 11.5%\" data-480=\"10% 13% 21% 11%\" >\n\t<div class=\"edgtf-elements-holder-item-inner\">\n\t\t<div class=\"edgtf-elements-holder-item-content edgtf-elements-holder-custom-274604\" style=\"padding: 12.8% 8% 14% 31.5%\">\n\t\t\t[vc_single_image image=\u00a0\u00bb5520&Prime; img_size=\u00a0\u00bbmedium\u00a0\u00bb][vc_empty_space height=\u00a0\u00bb15px\u00a0\u00bb][vc_column_text]Le code g\u00e9n\u00e9ral des imp\u00f4ts institue une aide qui prend la forme d\u2019une r\u00e9duction d\u2019imp\u00f4t ou d\u2019un cr\u00e9dit d\u2019imp\u00f4t, \u00e9gale \u00e0 50 % des d\u00e9penses support\u00e9es en paiement de prestations r\u00e9alis\u00e9es par les organismes agr\u00e9\u00e9s en mati\u00e8re de services \u00e0 la personne.[\/vc_column_text][vc_empty_space height=\u00a0\u00bb12px\u00a0\u00bb][vc_column_text]<\/p>\n<blockquote><p>\u00c0 ce titre, les montants vers\u00e9s \u00e0 notre entreprise agr\u00e9\u00e9e pour les services \u00e0 la personne dont vous b\u00e9n\u00e9ficiez ouvrent droit \u00e0 cet avantage fiscal.<\/p><\/blockquote>\n<p>[\/vc_column_text][vc_empty_space height=\u00a0\u00bb12px\u00a0\u00bb][vc_column_text]<span class=\"CSWDefineFont\">L\u2019ensemble de vos d\u00e9penses de cette nature, que ce soit aupr\u00e8s de notre entreprise ou d\u2019autres \u00a0prestataires agr\u00e9\u00e9s de services \u00e0 la personne, est retenu dans la limite de <strong>12 000 \u20ac<\/strong><strong>1<\/strong> par an et par foyer fiscal, ce plafond \u00e9tant major\u00e9 de 1 500 \u20ac par enfant \u00e0 charge ou ascendant de plus de 65 ans \u00e0 charge vivant sous le toit du contribuable, sans toutefois pouvoir exc\u00e9der 15 000 \u20ac.<\/span><\/p>\n<p><span class=\"CSWDefineFont\">La <strong>r\u00e9duction d\u2019imp\u00f4ts<\/strong>est valable que vous ayez ou non exerc\u00e9 une activit\u00e9 professionnelle au cours de l\u2019ann\u00e9e du paiement des d\u00e9penses.<\/span><\/p>\n<p><span class=\"CSWDefineFont\">Le <strong>cr\u00e9dit d\u2019imp\u00f4ts<\/strong>, par contre, ne sera applicable que si vous \u00eates dans l\u2019une des situations suivantes :<\/span><\/p>\n<p><span class=\"CSWDefineFont\">&#8211; pour un contribuable c\u00e9libataire, veuf ou divorc\u00e9 : il faut avoir exerc\u00e9 une activit\u00e9 professionnelle au cours de l\u2019ann\u00e9e du paiement des d\u00e9penses, ou avoir \u00e9t\u00e9 inscrit sur la liste des demandeurs d\u2019emploi<\/span><\/p>\n<p><span class=\"CSWDefineFont\">durant trois mois au moins au cours de l\u2019ann\u00e9e du paiement des d\u00e9penses,<\/span><\/p>\n<p><span class=\"CSWDefineFont\">&#8211; pour les personnes mari\u00e9es ou ayant conclu un pacte civil de solidarit\u00e9 (PACS), soumises \u00e0 une imposition commune, chacune des deux personnes doit r\u00e9pondre aux conditions du paragraphe pr\u00e9c\u00e9dent.<\/span><\/p>\n<p><span class=\"CSWDefineFont\">Toutefois, certaines activit\u00e9s ouvrent droit \u00e0 l\u2019avantage fiscal sous condition de plafond de l\u2019assiette des prestations conform\u00e9ment au tableau ci-apr\u00e8s :<\/span>[\/vc_column_text][vc_empty_space height=\u00a0\u00bb12px\u00a0\u00bb]\n<p class=\"edgtf-section-subtitle\" style=\"text-align:left;color:#383838\">\n\tACTIVIT\u00c9 Plafond annuel par foyer fiscal :<\/p>[vc_column_text]<\/p>\n<ul>\n<li><span class=\"CSWDefineFont\">Prestations de petit bricolage dites \u00ab hommes toutes mains \u00bb : \u00a0<strong>500 \u20ac<\/strong><\/span><\/li>\n<li><span class=\"CSWDefineFont\">Assistance informatique et Internet \u00e0 domicile : <strong>1 000 \u20ac<\/strong><\/span><\/li>\n<li><span class=\"CSWDefineFont\">Petits travaux de jardinage : <strong>3 000 \u20ac<\/strong><\/span><\/li>\n<\/ul>\n<p>[\/vc_column_text][vc_empty_space height=\u00a0\u00bb18px\u00a0\u00bb][vc_column_text]<span class=\"CSWDefineFont\"><strong>1 &#8211;<\/strong> Dans certains cas particuliers, la limite de 12 000 \u20ac peut \u00eatre port\u00e9e \u00e0 20 000 \u20ac (contribuables invalides ou ayant \u00e0 leur charge une personne invalide, entra\u00eenant l\u2019obligation d\u2019avoir recours \u00e0 l\u2019assistance d\u2019une tierce personne).<\/span><\/p>\n<p><span class=\"CSWDefineFont\"><strong>2 &#8211;\u00a0<\/strong>La r\u00e9duction d\u2019imp\u00f4t vient se d\u00e9duire du montant de votre imp\u00f4t, mais ne peut pas donner lieu \u00e0 restitution par le Tr\u00e9sor Public si le montant d\u00e9ductible d\u00e9passe le montant de l\u2019imp\u00f4t d\u00fb.<\/span><\/p>\n<p><span class=\"CSWDefineFont\"><strong>3 &#8211;\u00a0<\/strong>Le cr\u00e9dit d\u2019imp\u00f4t, s\u2019il exc\u00e8de l\u2019imp\u00f4t d\u00fb en partie ou en totalit\u00e9, donne lieu \u00e0 remboursement par le Tr\u00e9sor Public.<\/span>[\/vc_column_text][vc_empty_space height=\u00a0\u00bb18px\u00a0\u00bb][vc_column_text]<\/p>\n<blockquote><p>Afin de pouvoir b\u00e9n\u00e9ficier de la r\u00e9duction d\u2019imp\u00f4ts ou du cr\u00e9dit fiscal, <strong>les paiements en esp\u00e8ces ne sont pas accept\u00e9s<\/strong>. Vous pouvez r\u00e9gler vos factures soit par ch\u00e8que, soit par virement \u00e0 notre compte bancaire (dans les conditions pos\u00e9es par l\u2019article 199 sexd\u00e9cies du CGI).<\/p><\/blockquote>\n<p>[\/vc_column_text][vc_empty_space height=\u00a0\u00bb24px\u00a0\u00bb]\t\t<\/div>\n\t<\/div>\n<\/div><\/div>[\/vc_column][\/vc_row]<\/p>\n<\/div>","protected":false},"excerpt":{"rendered":"<p>[vc_row row_type=\u00a0\u00bbparallax\u00a0\u00bb content_width=\u00a0\u00bbgrid\u00a0\u00bb content_aligment=\u00a0\u00bbcenter\u00a0\u00bb full_screen_section_height=\u00a0\u00bbyes\u00a0\u00bb vertically_align_content_in_middle=\u00a0\u00bbyes\u00a0\u00bb parallax_background_image=\u00a0\u00bb5380&Prime;][vc_column][\/vc_column][\/vc_row][vc_row][vc_column][\/vc_column][\/vc_row]<\/p>\n","protected":false},"author":1,"featured_media":0,"parent":0,"menu_order":0,"comment_status":"closed","ping_status":"closed","template":"full-width.php","meta":{"footnotes":""},"class_list":["post-5489","page","type-page","status-publish","hentry"],"_links":{"self":[{"href":"https:\/\/jeanmarcbourdon.fr\/index.php\/wp-json\/wp\/v2\/pages\/5489","targetHints":{"allow":["GET"]}}],"collection":[{"href":"https:\/\/jeanmarcbourdon.fr\/index.php\/wp-json\/wp\/v2\/pages"}],"about":[{"href":"https:\/\/jeanmarcbourdon.fr\/index.php\/wp-json\/wp\/v2\/types\/page"}],"author":[{"embeddable":true,"href":"https:\/\/jeanmarcbourdon.fr\/index.php\/wp-json\/wp\/v2\/users\/1"}],"replies":[{"embeddable":true,"href":"https:\/\/jeanmarcbourdon.fr\/index.php\/wp-json\/wp\/v2\/comments?post=5489"}],"version-history":[{"count":28,"href":"https:\/\/jeanmarcbourdon.fr\/index.php\/wp-json\/wp\/v2\/pages\/5489\/revisions"}],"predecessor-version":[{"id":5522,"href":"https:\/\/jeanmarcbourdon.fr\/index.php\/wp-json\/wp\/v2\/pages\/5489\/revisions\/5522"}],"wp:attachment":[{"href":"https:\/\/jeanmarcbourdon.fr\/index.php\/wp-json\/wp\/v2\/media?parent=5489"}],"curies":[{"name":"wp","href":"https:\/\/api.w.org\/{rel}","templated":true}]}}