{"id":5206,"date":"2024-10-09T16:49:31","date_gmt":"2024-10-09T14:49:31","guid":{"rendered":"https:\/\/jeanmarcbourdon.fr\/?page_id=5206"},"modified":"2024-10-14T16:51:02","modified_gmt":"2024-10-14T14:51:02","slug":"about-musikadom-recrutement","status":"publish","type":"page","link":"https:\/\/jeanmarcbourdon.fr\/index.php\/about-musikadom-recrutement\/","title":{"rendered":"About MUSIKADOM recrutement"},"content":{"rendered":"<div class=\"wpb-content-wrapper\"><p>[vc_row row_type=\u00a0\u00bbparallax\u00a0\u00bb content_width=\u00a0\u00bbgrid\u00a0\u00bb header_style=\u00a0\u00bbedgtf-dark-header\u00a0\u00bb full_screen_section_height=\u00a0\u00bbyes\u00a0\u00bb parallax_background_image=\u00a0\u00bb5208&Prime;][vc_column width=\u00a0\u00bb1\/3&Prime;][\/vc_column][vc_column width=\u00a0\u00bb2\/3&Prime;]<div class=\"edgtf-elements-holder edgtf-responsive-mode-768\" ><div class=\"edgtf-elements-holder-item \" data-item-class=\"edgtf-elements-holder-custom-450538\" data-1280-1440=\"14% 10% 14% 22%\" data-1024-1280=\"33% 0% 24% 20%\" data-768-1024=\"30% 0% 30% 12%\" data-600-768=\"24% 0% 23% 0%\" data-480-600=\"24% 0% 23% 20%\" data-480=\"24% 0% 23% 13%\" >\n\t<div class=\"edgtf-elements-holder-item-inner\">\n\t\t<div class=\"edgtf-elements-holder-item-content edgtf-elements-holder-custom-450538\" style=\"padding: 33% 10% 24% 22%\">\n\t\t\t\n<h2 class=\"edgtf-custom-font-holder\" style=\"font-family: arial;font-size: 60px;line-height: 60px;font-weight: 300;text-transform: capitalize;text-align: center;color: #000000\" data-font-size= 60 data-line-height= 60>\n\tRejoignez-nous chez MUSIKADOM !\t<\/h2>\t\t<\/div>\n\t<\/div>\n<\/div><\/div>[\/vc_column][\/vc_row][vc_row content_width=\u00a0\u00bbgrid\u00a0\u00bb css=\u00a0\u00bb.vc_custom_1475249747902{padding-top: 118px !important;padding-bottom: 115px !important;}\u00a0\u00bb][vc_column offset=\u00a0\u00bbvc_col-lg-6 vc_col-md-12&Prime;][vc_column_text]<\/p>\n<h3>Inspirez, motivez, r\u00e9ussissez : la positive attitude au c\u0153ur de l&rsquo;enseignement \u00e0 domicile !<\/h3>\n<p>[\/vc_column_text][vc_empty_space height=\u00a0\u00bb9px\u00a0\u00bb]\n<p class=\"edgtf-section-subtitle\" style=\"text-align:left\">\n\tEnsemble, faisons vibrer la musique !<\/p>[vc_empty_space height=\u00a0\u00bb30px\u00a0\u00bb][vc_column_text]<\/p>\n<ul>\n<li>Vous souhaitez vous engager dans l&rsquo;enseignement \u00e0 domicile, en transmettant la pratique d&rsquo;un instrument de musique ainsi que les bases solides de la formation solf\u00e9gique ad\u00e9quate.<\/li>\n<li>Vous poss\u00e9dez la p\u00e9dagogie pour expliquer et d\u00e9montrer la m\u00e9thodologie \u00e0 suivre.<\/li>\n<li>Vous \u00eates en mesure d&rsquo;\u00e9couter, d&rsquo;analyser et de r\u00e9pondre \u00e0 la demande de l&rsquo;\u00e9l\u00e8ve en adaptant votre enseignement \u00e0 ses attentes.<\/li>\n<li>Vous \u00eates rigoureux, m\u00e9thodique, disponbible et flexible.<\/li>\n<li>Vous habitez dans la r\u00e9gion Nord-Pas de Calais<\/li>\n<\/ul>\n<blockquote><p><strong>MUSIKADOM est l&rsquo;opportunit\u00e9 de faire grandir votre passion en profession !<\/strong><\/p>\n<p>&nbsp;<\/p>\n<p><strong>Nous vous remercions de bien vouloir soumettre votre candidature en envoyant votre lettre de motivation accompagn\u00e9e de votre CV :<\/strong><\/p>\n<ol>\n<li>En utilisant le<a href=\"https:\/\/jeanmarcbourdon.fr\/index.php\/formulaire-contact-musikom-musikadom\/\" target=\"_blank\" rel=\"noopener\"> formulaire de contact<\/a> de notre site internet<\/li>\n<li>Par courriel \u00e0 \u00a0: <a href=\"mailto:contact@jeanmarcbourdon.fr\" target=\"_blank\" rel=\"noopener\">contact@jeanmarcbourdon.fr<\/a><\/li>\n<li>Par courrier \u00e0 : MUSIKADOM \u2013 28, route de Watten 59143 LEDERZEELE<\/li>\n<\/ol>\n<\/blockquote>\n<p>[\/vc_column_text][vc_empty_space height=\u00a0\u00bb30px\u00a0\u00bb][\/vc_column][\/vc_row]<\/p>\n<\/div>","protected":false},"excerpt":{"rendered":"<p>[vc_row row_type=\u00a0\u00bbparallax\u00a0\u00bb content_width=\u00a0\u00bbgrid\u00a0\u00bb header_style=\u00a0\u00bbedgtf-dark-header\u00a0\u00bb full_screen_section_height=\u00a0\u00bbyes\u00a0\u00bb parallax_background_image=\u00a0\u00bb5208&Prime;][vc_column width=\u00a0\u00bb1\/3&Prime;][\/vc_column][vc_column width=\u00a0\u00bb2\/3&Prime;][\/vc_column][\/vc_row][vc_row content_width=\u00a0\u00bbgrid\u00a0\u00bb css=\u00a0\u00bb.vc_custom_1475249747902{padding-top: 118px !important;padding-bottom: 115px !important;}\u00a0\u00bb][vc_column offset=\u00a0\u00bbvc_col-lg-6 vc_col-md-12&Prime;][vc_column_text] Inspirez, motivez, r\u00e9ussissez : la positive attitude au c\u0153ur de l&rsquo;enseignement \u00e0 domicile !&#8230;<\/p>\n","protected":false},"author":1,"featured_media":0,"parent":0,"menu_order":0,"comment_status":"closed","ping_status":"closed","template":"full-width.php","meta":{"footnotes":""},"class_list":["post-5206","page","type-page","status-publish","hentry"],"_links":{"self":[{"href":"https:\/\/jeanmarcbourdon.fr\/index.php\/wp-json\/wp\/v2\/pages\/5206","targetHints":{"allow":["GET"]}}],"collection":[{"href":"https:\/\/jeanmarcbourdon.fr\/index.php\/wp-json\/wp\/v2\/pages"}],"about":[{"href":"https:\/\/jeanmarcbourdon.fr\/index.php\/wp-json\/wp\/v2\/types\/page"}],"author":[{"embeddable":true,"href":"https:\/\/jeanmarcbourdon.fr\/index.php\/wp-json\/wp\/v2\/users\/1"}],"replies":[{"embeddable":true,"href":"https:\/\/jeanmarcbourdon.fr\/index.php\/wp-json\/wp\/v2\/comments?post=5206"}],"version-history":[{"count":9,"href":"https:\/\/jeanmarcbourdon.fr\/index.php\/wp-json\/wp\/v2\/pages\/5206\/revisions"}],"predecessor-version":[{"id":5335,"href":"https:\/\/jeanmarcbourdon.fr\/index.php\/wp-json\/wp\/v2\/pages\/5206\/revisions\/5335"}],"wp:attachment":[{"href":"https:\/\/jeanmarcbourdon.fr\/index.php\/wp-json\/wp\/v2\/media?parent=5206"}],"curies":[{"name":"wp","href":"https:\/\/api.w.org\/{rel}","templated":true}]}}